{"id":30267,"date":"2025-11-22T11:19:47","date_gmt":"2025-11-22T10:19:47","guid":{"rendered":"https:\/\/alarconortodoncia.com\/?page_id=30267"},"modified":"2025-11-22T11:19:47","modified_gmt":"2025-11-22T10:19:47","slug":"ortodoncia-exclusiva","status":"publish","type":"page","link":"https:\/\/new.alarconodontologos.com\/?page_id=30267","title":{"rendered":"ORTODONCIA EXCLUSIVA"},"content":{"rendered":"\t\t<div data-elementor-type=\"wp-page\" data-elementor-id=\"30267\" class=\"elementor elementor-30267\" data-elementor-post-type=\"page\">\n\t\t\t\t<div class=\"elementor-element elementor-element-0a6d12c e-flex e-con-boxed e-con e-parent\" data-id=\"0a6d12c\" data-element_type=\"container\" data-e-type=\"container\">\n\t\t\t\t\t<div class=\"e-con-inner\">\n\t\t\t\t<div class=\"elementor-element elementor-element-ed8bc54 elementor-widget elementor-widget-text-editor\" data-id=\"ed8bc54\" data-element_type=\"widget\" data-e-type=\"widget\" data-widget_type=\"text-editor.default\">\n\t\t\t\t\t\t\t\t\t<p><span style=\"font-weight: 400;\">En ALARC\u00d3N ODONT\u00d3LOGOS tenemos soluciones a tu medida para alinear correctamente tus dientes, mejorando la apariencia de tu sonrisa y tambi\u00e9n tu salud. EL DOCTOR JOS\u00c9 ANTONIO ALARC\u00d3N, nuestro especialista en ortod\u00f3ncia y <\/span><span style=\"font-weight: 400;\">referente a nivel internacional<\/span><span style=\"font-weight: 400;\"> te explicar\u00e1 las mejores opciones para t\u00ed, valorando tus necesidades est\u00e9ticas y funcionales.<\/span><\/p>\t\t\t\t\t\t\t\t<\/div>\n\t\t\t\t\t<\/div>\n\t\t\t\t<\/div>\n\t\t<div class=\"elementor-element elementor-element-9e587cb e-flex e-con-boxed e-con e-parent\" data-id=\"9e587cb\" data-element_type=\"container\" data-e-type=\"container\" data-settings=\"{&quot;background_background&quot;:&quot;classic&quot;}\">\n\t\t\t\t\t<div class=\"e-con-inner\">\n\t\t<div class=\"elementor-element elementor-element-be48691 e-con-full e-flex e-con e-child\" data-id=\"be48691\" data-element_type=\"container\" data-e-type=\"container\">\n\t\t\t\t<div class=\"elementor-element elementor-element-bd13ab5 elementor-widget elementor-widget-heading\" data-id=\"bd13ab5\" data-element_type=\"widget\" data-e-type=\"widget\" data-widget_type=\"heading.default\">\n\t\t\t\t\t<h2 class=\"elementor-heading-title elementor-size-default\">Ortodoncia invisible<\/h2>\t\t\t\t<\/div>\n\t\t\t\t<div class=\"elementor-element elementor-element-ac29b47 elementor-widget elementor-widget-text-editor\" data-id=\"ac29b47\" data-element_type=\"widget\" data-e-type=\"widget\" data-widget_type=\"text-editor.default\">\n\t\t\t\t\t\t\t\t\t<p>Es la soluci\u00f3n de ortodoncia para adultos con m\u00e1s ventajas. Mediante unas sencillas f\u00e9rulas transparentes que se cambian cada dos semanas, se corrige la colocaci\u00f3n y alineaci\u00f3n de los dientes. Sin las molestias y el trastorno est\u00e9tico de las t\u00e9cnicas tradicionales. Un sistema tremendamente eficaz y muy c\u00f3modo, que ya han disfrutado m\u00e1s de 3 millones de personas en todo el mundo.<\/p><p>Trabajamos con las mejores marcas a nivel internacional como Invisalign\u24c7\u00a0 o Spark\u24c7.<\/p>\t\t\t\t\t\t\t\t<\/div>\n\t\t\t\t<\/div>\n\t\t<div class=\"elementor-element elementor-element-3569882 e-con-full e-flex e-con e-child\" data-id=\"3569882\" data-element_type=\"container\" data-e-type=\"container\">\n\t\t\t\t<div class=\"elementor-element elementor-element-be74424 elementor-widget elementor-widget-image\" data-id=\"be74424\" data-element_type=\"widget\" data-e-type=\"widget\" data-widget_type=\"image.default\">\n\t\t\t\t\t\t\t\t\t\t\t\t\t\t\t<img decoding=\"async\" src=\"https:\/\/alarconortodoncia.com\/wp-content\/uploads\/2025\/11\/foto-demo-ortodoncia-invisible-1.webp\" title=\"\" alt=\"\" loading=\"lazy\" \/>\t\t\t\t\t\t\t\t\t\t\t\t\t\t\t<\/div>\n\t\t\t\t<\/div>\n\t\t\t\t\t<\/div>\n\t\t\t\t<\/div>\n\t\t<div class=\"elementor-element elementor-element-3750575 e-flex e-con-boxed e-con e-parent\" data-id=\"3750575\" data-element_type=\"container\" data-e-type=\"container\" data-settings=\"{&quot;background_background&quot;:&quot;classic&quot;}\">\n\t\t\t\t\t<div class=\"e-con-inner\">\n\t\t<div class=\"elementor-element elementor-element-3347cbc e-con-full e-flex e-con e-child\" data-id=\"3347cbc\" data-element_type=\"container\" data-e-type=\"container\">\n\t\t\t\t<div class=\"elementor-element elementor-element-3605bd0 elementor-widget elementor-widget-image\" data-id=\"3605bd0\" data-element_type=\"widget\" data-e-type=\"widget\" data-widget_type=\"image.default\">\n\t\t\t\t\t\t\t\t\t\t\t\t\t\t\t<img decoding=\"async\" src=\"https:\/\/alarconortodoncia.com\/wp-content\/uploads\/2025\/11\/foto-demo-ortodoncia-invisible-2.webp\" title=\"\" alt=\"\" loading=\"lazy\" \/>\t\t\t\t\t\t\t\t\t\t\t\t\t\t\t<\/div>\n\t\t\t\t<\/div>\n\t\t<div class=\"elementor-element elementor-element-1dddaa3 e-con-full e-flex e-con e-child\" data-id=\"1dddaa3\" data-element_type=\"container\" data-e-type=\"container\">\n\t\t\t\t<div class=\"elementor-element elementor-element-56df24f elementor-widget elementor-widget-heading\" data-id=\"56df24f\" data-element_type=\"widget\" data-e-type=\"widget\" data-widget_type=\"heading.default\">\n\t\t\t\t\t<h2 class=\"elementor-heading-title elementor-size-default\">Ortodoncia con Brackets de \u00faltima generaci\u00f3n.<\/h2>\t\t\t\t<\/div>\n\t\t\t\t<div class=\"elementor-element elementor-element-86510f9 elementor-widget elementor-widget-text-editor\" data-id=\"86510f9\" data-element_type=\"widget\" data-e-type=\"widget\" data-widget_type=\"text-editor.default\">\n\t\t\t\t\t\t\t\t\t<p>El m\u00e9todo de ortodoncia fija, es igual de eficaz, pero m\u00e1s r\u00e1pido y econ\u00f3mico. Si te preocupa m\u00e1s el precio que las incomodidades o la est\u00e9tica durante el proceso, esta es la mejor opci\u00f3n. Adem\u00e1s de los brackets de metal, tambi\u00e9n tenemos para t\u00ed la opci\u00f3n de zafiro o cer\u00e1micos, que son transparentes y reducen el impacto est\u00e9tico.<\/p>\t\t\t\t\t\t\t\t<\/div>\n\t\t\t\t<\/div>\n\t\t\t\t\t<\/div>\n\t\t\t\t<\/div>\n\t\t<div class=\"elementor-element elementor-element-546be63 e-flex e-con-boxed e-con e-parent\" data-id=\"546be63\" data-element_type=\"container\" data-e-type=\"container\">\n\t\t\t\t\t<div class=\"e-con-inner\">\n\t\t\t\t<div class=\"elementor-element elementor-element-67501fc elementor-widget elementor-widget-image\" data-id=\"67501fc\" data-element_type=\"widget\" data-e-type=\"widget\" data-widget_type=\"image.default\">\n\t\t\t\t\t\t\t\t\t\t\t\t\t\t\t<img decoding=\"async\" src=\"https:\/\/alarconortodoncia.com\/wp-content\/uploads\/2025\/11\/nina-bracker.png\" title=\"\" alt=\"\" loading=\"lazy\" \/>\t\t\t\t\t\t\t\t\t\t\t\t\t\t\t<\/div>\n\t\t\t\t<div class=\"elementor-element elementor-element-812d44f elementor-widget elementor-widget-heading\" data-id=\"812d44f\" data-element_type=\"widget\" data-e-type=\"widget\" data-widget_type=\"heading.default\">\n\t\t\t\t\t<h2 class=\"elementor-heading-title elementor-size-default\">Ortodoncia infantil<\/h2>\t\t\t\t<\/div>\n\t\t\t\t<div class=\"elementor-element elementor-element-e4a3176 elementor-widget elementor-widget-text-editor\" data-id=\"e4a3176\" data-element_type=\"widget\" data-e-type=\"widget\" data-widget_type=\"text-editor.default\">\n\t\t\t\t\t\t\t\t\t<p><strong>Invisalign First<\/strong><\/p><p>Este tratamiento se realiza en ni\u00f1os de 6 y 10 a\u00f1os. Se le conoce como fase de ortodoncia funcional y se usa en la primera fase de ortodoncia. El tratamiento de invisalign first est\u00e1 dise\u00f1ado teniendo en cuenta determinados factores diferentes a los adultos como son, que los ni\u00f1os cuentan con coronas cl\u00ednicas m\u00e1s cortas, adem\u00e1s tienen dientes en erupci\u00f3n y arcadas que est\u00e1n a\u00fan en desarrollo. Esto nos permite corregir y moldear la boca de los m\u00e1s peque\u00f1os para obtener mejores resultados en el futuro.<\/p>\t\t\t\t\t\t\t\t<\/div>\n\t\t\t\t<div class=\"elementor-element elementor-element-4b5c5aa elementor-widget elementor-widget-heading\" data-id=\"4b5c5aa\" data-element_type=\"widget\" data-e-type=\"widget\" data-widget_type=\"heading.default\">\n\t\t\t\t\t<h3 class=\"elementor-heading-title elementor-size-default\">\u00bfCu\u00e1les son las ventajas de Invisalign First frente a otros tratamientos de ortodoncia?<\/h3>\t\t\t\t<\/div>\n\t\t\t\t<div class=\"elementor-element elementor-element-2d8c688 elementor-widget elementor-widget-text-editor\" data-id=\"2d8c688\" data-element_type=\"widget\" data-e-type=\"widget\" data-widget_type=\"text-editor.default\">\n\t\t\t\t\t\t\t\t\t<ul><li aria-level=\"1\">La fase de ortodoncia funcional se sol\u00eda abordar con aparatos de ortodoncia funcional, que tiene una estructura de metal. Con los alineadores de invisalign, al ser cambiados con cierto tiempo, el problema es mucho menor en caso de rotura o p\u00e9rdida de los aparatos de ortodoncia.\u00a0<br \/><br \/><\/li><li aria-level=\"1\">Al ser una ortodoncia removible, se saca para comer, y los ni\u00f1os pueden seguir con sus buenos h\u00e1bitos de higiene y esto reduce considerablemente el riesgo de sufrir infecciones orales.<br \/><br \/><\/li><li aria-level=\"1\">No es necesario que el ni\u00f1o tenga la dentici\u00f3n completa para poder iniciar el tratamiento.\u00a0<br \/><br \/><\/li><li aria-level=\"1\">Suele corregir los problemas en menos de 18 meses.\u00a0<br \/><br \/><\/li><li aria-level=\"1\">\u00a0Est\u00e9tica<\/li><\/ul>\t\t\t\t\t\t\t\t<\/div>\n\t\t\t\t\t<\/div>\n\t\t\t\t<\/div>\n\t\t\t\t<\/div>\n\t\t","protected":false},"excerpt":{"rendered":"<p>En ALARC\u00d3N ODONT\u00d3LOGOS tenemos soluciones a tu medida para alinear correctamente tus dientes, mejorando la apariencia de tu sonrisa y tambi\u00e9n tu salud. EL DOCTOR JOS\u00c9 ANTONIO ALARC\u00d3N, nuestro especialista en ortod\u00f3ncia y referente a nivel internacional te explicar\u00e1 las mejores opciones para t\u00ed, valorando tus necesidades est\u00e9ticas y funcionales. Ortodoncia invisible Es la soluci\u00f3n&hellip;<\/p>\n","protected":false},"author":1,"featured_media":0,"parent":24825,"menu_order":0,"comment_status":"closed","ping_status":"closed","template":"page-fullwidth.php","meta":{"footnotes":""},"class_list":["post-30267","page","type-page","status-publish","hentry"],"_links":{"self":[{"href":"https:\/\/new.alarconodontologos.com\/index.php?rest_route=\/wp\/v2\/pages\/30267","targetHints":{"allow":["GET"]}}],"collection":[{"href":"https:\/\/new.alarconodontologos.com\/index.php?rest_route=\/wp\/v2\/pages"}],"about":[{"href":"https:\/\/new.alarconodontologos.com\/index.php?rest_route=\/wp\/v2\/types\/page"}],"author":[{"embeddable":true,"href":"https:\/\/new.alarconodontologos.com\/index.php?rest_route=\/wp\/v2\/users\/1"}],"replies":[{"embeddable":true,"href":"https:\/\/new.alarconodontologos.com\/index.php?rest_route=%2Fwp%2Fv2%2Fcomments&post=30267"}],"version-history":[{"count":0,"href":"https:\/\/new.alarconodontologos.com\/index.php?rest_route=\/wp\/v2\/pages\/30267\/revisions"}],"up":[{"embeddable":true,"href":"https:\/\/new.alarconodontologos.com\/index.php?rest_route=\/wp\/v2\/pages\/24825"}],"wp:attachment":[{"href":"https:\/\/new.alarconodontologos.com\/index.php?rest_route=%2Fwp%2Fv2%2Fmedia&parent=30267"}],"curies":[{"name":"wp","href":"https:\/\/api.w.org\/{rel}","templated":true}]}}